Suppose b - 72 = -b + x*u, 3*b = 3*u + 114. Calculate the highest common factor of b and 20.
20
Let i be (5 - (2 - -2)) + 4. Suppose i*r = 33 + 47. Calculate the greatest common factor of r and 4.
4
Let u be 2/4 + (-117)/(-18). Suppose 0 = 12*b - 8*b - 196. What is the highest common divisor of b and u?
7
Let w(k) = 43*k**2 - k + 6. Let m be w(2). Calculate the highest common factor of m and 11.
11
Suppose 0*n + 1050 = 7*n. Let q be 26230/n + (-4)/(-30). What is the greatest common divisor of q and 25?
25
Let p = -8 - -13. Suppose r = 4*j + 11, -3*r - p*j + 36 = 3. Suppose -6*x + 44 = -4*x. Calculate the highest common factor of x and r.
11
Let y = 38 + -22. Let l(r) = -r**3 + 15*r**2 + 15*r + 17. Let s be l(y). What is the highest common factor of s and 9?
1
Let x be 1 + 6/(-5) + (-26638)/(-190). Calculate the greatest common factor of 35 and x.
35
Suppose -80 - 460 = -10*u. Calculate the greatest common factor of 342 and u.
18
Let i be 10 - 16 - (-6)/9*123. What is the highest common factor of i and 1292?
76
Suppose 4*r = 10*r - 72. Let p be (1/(-2))/(1/(-108)). Let t be 2/12 - (-5175)/p. What is the greatest common divisor of t and r?
12
Let i be 4 - 0 - (-3 - -3). Let k = 58 + -52. What is the greatest common divisor of k and i?
2
Suppose -2*n + 3*o = -286, -n = -0*n - 5*o - 143. Let a be (-22)/n - 50/13. Let h be (-138)/a + (-10)/(-20). Calculate the highest common divisor of h and 7.
7
Let g = 10 + -2. Suppose 4*t - 2*u = 74, t + 2 = -2*u + g. What is the highest common divisor of 48 and t?
16
Let r be 8/(-6)*(0 - 12). Let q(f) = -173 + 2*f - 183 + 333. Let u be q(r). What is the greatest common divisor of u and 27?
9
Let z = 53 - 28. Let x = z + 6. Calculate the greatest common divisor of x and 155.
31
Let i = -85 - -124. Let p = 88 - i. Calculate the greatest common divisor of 294 and p.
49
Let v(n) = -2*n - 6. Let h be v(-5). Suppose -h*x + 5*q + 332 = 0, -q + 6*q = -3*x + 249. Let s = x + 7. Calculate the greatest common divisor of s and 18.
18
Let g(d) = 29*d - 8. Let t(h) = -31*h + 8. Let u(q) = -7*g(q) - 6*t(q). Let v be u(-8). Calculate the greatest common divisor of v and 18.
18
Let v = -35 + 43. What is the highest common divisor of 256 and v?
8
Let a(h) = -100*h - 112. Let x be a(-3). What is the greatest common divisor of 235 and x?
47
Let n be (-14)/49 - (-32)/14. Let z be (42/4)/7*n. Let v(t) = 6*t**3 + 5*t**2 - 4*t + 3. Let u be v(z). What is the greatest common factor of 18 and u?
18
Suppose 7*m = -24*m + 1860. What is the highest common factor of 15 and m?
15
Suppose 192 = -0*f + 3*f. Suppose -3*s = -2*s - f. Suppose -3*k = -16 - 8. Calculate the greatest common divisor of k and s.
8
Let i = 22 - 4. Let t(h) = h**2 - 4*h + 6. Let q be t(6). What is the highest common factor of q and i?
18
Let c be (2 + 15/9)/((-11)/(-132)). What is the greatest common divisor of c and 484?
44
Let a(n) = 5*n**2 - 19*n + 86. Let r be a(10). Calculate the greatest common factor of 36 and r.
36
Let s(v) = 83*v + 26. Let q be s(2). What is the highest common factor of 432 and q?
48
Let d = 9 + -5. Let k be (-3 - (-14)/4)*8. What is the highest common factor of d and k?
4
Let z(y) = -13*y. Let m be z(-2). Let n = m - 20. What is the highest common divisor of 12 and n?
6
Let y(w) = -21*w + 7. Let o be y(3). Let f = 169 - o. Let l be (3/9)/((-1)/(-75)). Calculate the highest common divisor of l and f.
25
Suppose -5*j + 7 + 54 = 3*f, -3*f - 5 = -j. Suppose 5*q - j = 4, -37 = -2*m - 3*q. What is the highest common factor of 154 and m?
14
Suppose -a - 24 = -2*l + 2*a, -l - 4*a + 1 = 0. Suppose l*h + 220 - 796 = 0. Calculate the highest common factor of h and 16.
16
Suppose -q + 5*u + 279 = 0, -238 = -5*q - 2*u + 1076. Suppose -9*i - 3*i = -q. What is the greatest common divisor of 44 and i?
22
Suppose -11 - 11 = -2*p. Let n = 17 - p. Suppose -2*r - 47 = 5*v - 128, 0 = 3*v + 5*r - 60. Calculate the greatest common factor of v and n.
3
Suppose -8*l - 201 = -11*l. Let m = l + -40. Suppose -d = 2*r - 13, 2*r + 43 = 4*r - 5*d. What is the greatest common divisor of m and r?
9
Let u(p) = -3*p + 51. Let c(k) = -k + 25. Let l(d) = 7*c(d) - 3*u(d). Let q be l(7). Calculate the greatest common divisor of 4 and q.
4
Suppose -180 = 16*o - 19*o. Suppose 135 = o*u - 55*u. What is the highest common divisor of u and 9?
9
Let v(i) be the second derivative of i**4/3 - 2*i**3/3 + i**2 + 16*i. Let p be v(3). Calculate the highest common divisor of p and 130.
26
Let n = -1210 - -1322. What is the greatest common factor of 4 and n?
4
Let l(b) = -12*b**3 - b**2 + b + 2. Let c = -109 + 108. Let d be l(c). Suppose -120 = -4*t - t. What is the highest common divisor of t and d?
12
Let i = 458 - 446. Let n be (-1)/(-2 + (-501)/(-252)). Calculate the greatest common factor of i and n.
12
Let r be 1/(3 - 1722/576). What is the greatest common factor of 48 and r?
48
Let u be (-2 - 5)*(-5 + -5). Let r be (64/(-10))/((-4)/u). Suppose 0 = -3*y + 6*z - 3*z + 45, y - 5*z = 11. What is the highest common divisor of r and y?
16
Let k(r) = 6*r**2 + 2*r + r**2 + 2 + 4*r**2 + 2*r**2. Let c be k(-1). Calculate the greatest common divisor of c and 91.
13
Suppose -2 = -3*d + 7. Suppose x + t = -5, -7 = x + 4*t - 2. Let l(i) = i**2 + 3*i - 9. Let g be l(x). Calculate the highest common factor of g and d.
1
Let b(n) = -n**3 + n**2 + 13. Suppose 7*z = 2*z. Let m be b(z). What is the highest common divisor of m and 65?
13
Let a(j) = -j**3 + 19*j**2 + 68*j - 43. Let d be a(22). Let f = 6 - 3. What is the highest common factor of d and f?
1
Suppose 3*p + 2*p = 25. Suppose -p*l + 11 = -4. Let v = l + -2. What is the greatest common factor of 3 and v?
1
Suppose -64 = -13*q + 5*q. Let c = q - 4. Calculate the highest common divisor of 4 and c.
4
Suppose -w = -6*b + 3*b - 21, -2*w - 2*b + 34 = 0. Let x = -12 + w. What is the greatest common factor of 4 and x?
2
Suppose -5*m = 5*m - 990. What is the highest common divisor of 264 and m?
33
Let f be (2 - 3) + -3 + 2. Let q be f/(-8) - 209/(-44). What is the highest common factor of 20 and q?
5
Let p be 3/(-12 + 549/45). Suppose -26 + 1 = -5*r. Calculate the highest common divisor of r and p.
5
Suppose -5*y + 185 = 2*j, -14*j + 13*j = -5*y - 85. What is the greatest common factor of j and 20?
10
Let m(p) = -3*p**3 - 2*p**2 + p + 5. Let g be m(-4). Let a be -1*(-20 - (1 + 2)). What is the highest common factor of a and g?
23
Let x(c) = c**2 - 3*c + 15. Let f be (6/5)/((-4)/(-20)). Let s be x(f). Let i = 7 - 4. Calculate the highest common divisor of s and i.
3
Suppose 4*h = -3 - 1, 2*h - 70 = -t. Let d be 2 - -6*(-1)/(-2). Suppose -3*w + 0*r = 2*r - 33, -d*r - 3 = -2*w. What is the highest common divisor of t and w?
9
Let a be (-24)/21*14/(-4). Suppose -a*f + 7*f - 12 = 0. Suppose 0 = 2*z + f*o - 8, -4*z + 6 = -2*o - 10. Calculate the highest common factor of 4 and z.
4
Suppose 12*a - 10*a = -72. Let m be (-1 - -5) + (-3 - -1 - a). Calculate the highest common divisor of 114 and m.
38
Let f be ((-9)/(-6))/((-9)/12). Let v be 3 + 89 - (0 - f). What is the greatest common factor of 10 and v?
10
Suppose -9*a + 5*a = -32. Let o be 2/(-4) + 4/a - -24. Calculate the highest common divisor of o and 16.
8
Let u(l) be the third derivative of -3*l**4/8 + 4*l**3/3 - 3*l**2. Let c be u(-8). Calculate the greatest common divisor of c and 10.
10
Let f(i) = -9*i + 17. Let z be f(-7). What is the highest common divisor of z and 1760?
80
Suppose 0 = -69*j + 72*j - 15. Suppose -3*h = -43 - 23. Suppose 5*x - 4*g + 0*g = h, -3*g = -5*x + 19. Calculate the greatest common divisor of x and j.
1
Suppose 0 = 3*o + 14 - 5, 0 = -l - 3*o + 24. Calculate the greatest common divisor of l and 143.
11
Let o = 54 - 38. Let q(y) = 34*y - 90. Let k be q(5). Calculate the greatest common factor of k and o.
16
Let t(d) = 11*d**2 + 6*d. Let j be t(-2). Suppose j = u + 8. Calculate the greatest common factor of 6 and u.
6
Let h be 38/152*228/3. Calculate the highest common divisor of h and 475.
19
Let k(y) = -y**3 - 13*y**2 - 25*y + 13. Let d be k(-11). Suppose 41*g = d*g - 165. Calculate the highest common divisor of 22 and g.
11
Let h = -1 - 26. Let a = -11 - h. Let g = -35 - -59. Calculate the highest common factor of a and g.
8
Let u = -26 + 34. Suppose -155 = -4*l + 3*f - u*f, 3*l 